93 and w?
31
Let v be 44*(9/4 - 1). Let j(w) = w + 10. Let x be j(12). What is the highest common factor of x and v?
11
Let r = 505 + -269. Let c = r - 68. Calculate the highest common divisor of 21 and c.
21
Let x(f) = -f**2 - 23*f - 4. Let y be x(-10). Calculate the highest common divisor of 48 and y.
6
Let s be 1287/12 + -4 + (-152)/(-32). Let z(m) = -12*m**3 - m**2 - m. Suppose -5 = b + 4*b. Let n be z(b). Calculate the greatest common factor of s and n.
12
Let b = 63 - 33. Let w = -11 + b. Calculate the greatest common divisor of w and 114.
19
Suppose 0 = -3*h - 3*o + 153, 5*o = -4*h + 3*h + 47. Calculate the greatest common divisor of h and 26.
26
Let y = 163 + 41. Let h be 3*((-90)/2 - -2). Let l = h + y. Calculate the greatest common divisor of l and 25.
25
Let s be (0 - 3) + 1 + 2. Let t be s*(-1 - 0) - 0. Suppose t = 2*n + 5*z + 2, -34 = -2*n + 2*z + 2*z. What is the highest common divisor of 72 and n?
9
Suppose 0 = -0*i + 6*i - 90. Suppose -i = -3*w - 6. Calculate the highest common divisor of w and 3.
3
Suppose -46*a + 1249 = -4271. What is the greatest common factor of a and 30?
30
Let x(c) = c + 3*c**2 + 5 - 7 - 5*c**2 + 3*c**2. Let z be x(4). Calculate the greatest common divisor of 2 and z.
2
Suppose 0*p + 4*p = 20. Suppose -2*r + 75 = p*f, r - f - 39 = -4*f. Let x be (-3 + -27)*6/(-4). Calculate the highest common factor of x and r.
15
Let w = -19 + 61. What is the highest common factor of w and 105?
21
Suppose 5*z + 3*l - 168 = 0, -5*l + 4*l = 3*z - 104. Suppose -11 = 5*d - 16. Let p be (-3 - 0 - -27)*d. Calculate the highest common divisor of z and p.
12
Let l(t) be the first derivative of t**2 - 11*t - 5. Let v be l(11). Let c be 1/((-4)/(-4))*v. What is the greatest common factor of 11 and c?
11
Let u be (-2912)/(-392) + 3/14*-2. What is the highest common divisor of u and 343?
7
Let z(c) = c**3 - 7*c**2 - c - 47. Let v be z(10). What is the highest common divisor of v and 9?
9
Suppose -207*f + 202*f = -750. Calculate the highest common divisor of 6 and f.
6
Let g = -182 - -351. Calculate the greatest common factor of 39 and g.
13
Suppose 0 = -3*m + 6568 + 1004. Let s be (-4)/14 - m/(-14). What is the greatest common divisor of 20 and s?
20
Let h be (-68)/6*3/(-2). Suppose 0 = f + 4*n - h, 0 = f - 2*n - 42 + 1. What is the greatest common divisor of f and 3?
3
Let b be (-1 - -2)/(12/(-36)). Let u be 19*2 - (0 - b). Calculate the greatest common factor of 5 and u.
5
Let y = 30 + -36. Let n be 4/y + (8330/21 - -4). What is the highest common factor of n and 40?
40
Suppose 5454 = 13*p + 150. Calculate the greatest common factor of p and 24.
24
Let o be (-101)/(-6) - 15/18. Calculate the greatest common factor of o and 6.
2
Suppose -5*g + 7*g - 80 = 0. Calculate the greatest common divisor of 10 and g.
10
Let r be (28/16)/(-7) - (-363)/44. Suppose -5*z + 10 = 2*l - 16, 0 = l - 4*z. Calculate the greatest common factor of l and r.
8
Let y(f) = 2*f**2 - 42*f - 34. Let x be y(22). Suppose -5*l - s = -445, 7 + 153 = 2*l + 4*s. Calculate the highest common divisor of x and l.
10
Let k(b) = -b**3 - 3*b**2 - 3*b + 3. Let f be 9 + -4 + -3 + 4. Suppose 16 = -f*m - 2. Let x be k(m). Calculate the highest common factor of x and 132.
12
Let g(r) = r**2 + 15*r + 29. Let c be g(-13). Suppose 42 = c*z - 5*q - 106, -z + 50 = -2*q. What is the highest common factor of z and 368?
46
Let t(j) = -3*j**2 - 7*j**2 + j**3 - 2*j**3 + 5 + 2*j**2 - 7*j. Let u be t(-7). Let p = u + 5. Calculate the highest common divisor of 110 and p.
10
Let x(n) = 2*n**2 - 5*n - 3. Let i be x(4). Suppose 3*y - 145 = 2*b, 4*b - 177 = -3*y - 62. What is the highest common divisor of i and y?
9
Let p be (-14 - -12)*(2 - 0). Let z be (6/p)/(51/(-2618)). What is the highest common divisor of 11 and z?
11
Suppose 0 = -6*r + 10*r + 140. Let l = r + 58. Suppose 6*k - 113 = -l. Calculate the greatest common divisor of k and 45.
15
Let i(k) = 575*k**3 - 3*k**2 + 5*k - 2. Let o be i(1). Calculate the greatest common divisor of 25 and o.
25
Let c = 792 - 602. Calculate the greatest common factor of c and 170.
10
Suppose -4*b + 994 - 26 = 0. Let m be (6 + -4)*(133/7 - 8). What is the highest common divisor of b and m?
22
Suppose -2*y = 4*o - 578, -o - 45 + 190 = y. What is the greatest common divisor of o and 288?
144
Suppose 4*j + 0*j = -80. Let k be ((-12)/(-10))/((-6)/j). Suppose 3*q + 10 = k*q. What is the greatest common divisor of 80 and q?
10
Let y be 1 - -6*148/8. What is the greatest common divisor of y and 16?
16
Let j be 4/(1/292*16). Suppose -5*t = 5*w - 680, 0*t + 2*t + 2 = 0. Let y = w - j. Calculate the highest common factor of 8 and y.
8
Suppose -5*d = -0*n + n - 32, -5*d = -20. Suppose w = n + 2. Let x be 3/(-18) - (-3549)/126. What is the highest common divisor of x and w?
14
Let j(f) = 2*f**2 + 55*f + 6. Let v be j(-30). What is the greatest common factor of 12 and v?
12
Let g(h) = 32*h - 384. Let c be g(18). What is the greatest common factor of 128 and c?
64
Suppose -29*y = 18*y - 49914. What is the greatest common divisor of 18 and y?
18
Let r(q) = 4*q**2 + 29*q - 16. Let b be r(-13). Let w = b + -140. Let s be 123/9 + 2/(-3). What is the highest common divisor of s and w?
13
Suppose 10 = -2*z - z + j, 0 = z - 3*j + 14. Let o = 1 - z. Suppose -c + 5*m - m = -85, -4*m = o*c - 223. What is the highest common divisor of 7 and c?
7
Suppose 0 = -3*h - 2*r - 107, -h + 4*r - 10 - 21 = 0. Let l be ((-90)/h)/((-4)/(-28)). Calculate the greatest common divisor of 18 and l.
18
Let l = -5306 - -9286. Calculate the greatest common factor of l and 20.
20
Suppose -458 = 3*j - m + 627, 375 = -j - 3*m. Let n = 10 + -223. Let c = n - j. Calculate the greatest common factor of c and 30.
30
Let l(p) = 96*p + 6. Let v be l(0). Calculate the highest common divisor of 111 and v.
3
Let t be (-8)/((-40)/(-455))*(-1)/1. Calculate the greatest common divisor of t and 26.
13
Let g be 1 + 1 + (-8)/4. Suppose -4*n = -k + 97, -4*k + g*k + 458 = -2*n. Suppose 0 = -3*i - 3*i + 78. Calculate the greatest common divisor of k and i.
13
Let x(q) = 3*q + 20 + 17 - 5 + 2*q. Let n be x(-4). What is the greatest common divisor of 12 and n?
12
Let c be (13/(-4)*3)/(121/(-484)). What is the highest common divisor of 39 and c?
39
Suppose 0 = -10*y + 7*y - 306. Let c = 117 + y. Calculate the highest common divisor of 60 and c.
15
Let z be (-2)/(-4) - (4725/10)/(-21). Let h be ((-8)/6)/(2/18). Let u = h + z. What is the greatest common factor of 1 and u?
1
Let m = 1760 - 1650. Calculate the highest common divisor of 242 and m.
22
Suppose a - 12 = -2*z, -31*z = 4*a - 35*z - 84. What is the greatest common divisor of 126 and a?
18
Let m be 2 + (-8 + 9)*(-635)/(-5). What is the highest common factor of m and 731?
43
Suppose 2*f + 2259 - 2403 = 0. Calculate the greatest common divisor of 27 and f.
9
Suppose -5*s = -3*r - 64, 66 = 5*s - 0*s - 2*r. Let i be -6 + (2 - 0) - -2. Let x be 1 + -1 + 26 - i. What is the highest common factor of s and x?
14
Let s(u) = u**3 + 16*u**2 - 5. Let z be s(-16). Let x = z - -10. Suppose -j + 0 = -1. What is the greatest common divisor of j and x?
1
Let x = -2543 + 2608. Calculate the greatest common factor of x and 104.
13
Let c(m) = -2*m + 29. Let h be c(-3). What is the greatest common divisor of h and 5?
5
Let u = -1916 - -1972. What is the greatest common divisor of 408 and u?
8
Let d = 219 - 218. Calculate the highest common factor of d and 1.
1
Let p(c) = -2*c**2 - c - 12. Let k be p(-6). Let z = -41 - k. What is the highest common divisor of z and 296?
37
Let v = -293 + 307. Calculate the highest common factor of v and 175.
7
Suppose -41*p + 537 = -160. Calculate the greatest common factor of 3077 and p.
17
Let i = -62 + 71. Suppose i*j - 6*j - 18 = 0. What is the greatest common factor of j and 6?
6
Let b(k) = k**2 - 5. Suppose -5*v - 27 = -3*q, -3*v + 4*q - 29 = -q. Let s be b(v). Calculate the greatest common factor of 1 and s.
1
Suppose -2*d = -u + 10 - 111, 3*d + 3*u = 156. Calculate the greatest common factor of d and 272.
17
Let i(o) = -o**2 + 2*o**3 + 2*o**3 - 2 - 3*o + 0. Let y be i(-1). Let c be -4 + 22/1 - y. What is the highest common divisor of c and 11?
11
Suppose 0 = -4*n + 67 + 9. Calculate the highest common factor of 95 and n.
19
Let a = 18 - 23. 